e the highest common factor of u and 6.
6
Let u = 11 - 21. Let x(w) = w + 12. Let h be x(u). What is the greatest common factor of h and 5?
1
Suppose -2*i + 38 = 2*r, 2*r = 2*i + r - 41. What is the highest common divisor of 80 and i?
20
Let q(i) = i**3 + i**2 - i + 54. Let z be q(0). Suppose -3*k = 3 - 57. What is the highest common divisor of k and z?
18
Let k(a) = -a**3 + 9*a**2 + 10*a + 2. Let w be k(10). Calculate the highest common factor of 18 and w.
2
Suppose 0 = -13*l + 289 + 101. What is the greatest common divisor of 20 and l?
10
Let m be ((2 - 3) + 1)*-1. Suppose m = 2*t + 4 - 14. What is the highest common divisor of t and 50?
5
Suppose -4*m + 11 = -3*m. Calculate the highest common divisor of 11 and m.
11
Suppose 0 = 2*i - 5*i + 9. Suppose -i*c + 4 + 8 = 0. Suppose -3*m + 1 = -c*m, m = -2*h + 131. What is the greatest common factor of h and 6?
6
Suppose 0*d = -4*d + 48. Let u be (-16)/10*(-10)/4. What is the highest common factor of u and d?
4
Suppose 0 = -a - 1 - 1. Let h be 838/7 + a/(-7). Suppose -16 = -4*u + 44. Calculate the highest common factor of h and u.
15
Let a = 0 - 6. Let n = a + 8. What is the greatest common divisor of n and 16?
2
Suppose -4*d + d + 36 = 0. What is the highest common factor of 12 and d?
12
Let j(g) = g**2 - 5*g + 17. Let s be j(6). Calculate the greatest common factor of 161 and s.
23
Let g = 1 - 2. Let z be g*1 - -13*1. Let m(n) = 2*n - 4. Let l be m(17). Calculate the greatest common factor of z and l.
6
Let n be (15/5)/((-3)/(-640)). Suppose -n = p - 6*p. What is the greatest common divisor of 16 and p?
16
Suppose 0 = 4*t - 628 - 112. What is the highest common divisor of t and 74?
37
Let j = 12 - 7. Suppose 4 + 11 = j*c. Suppose -4*d + 7 = c. What is the highest common factor of d and 7?
1
Let a(x) = -x**3 - 6*x**2 - 3*x - 5. Let z be a(-6). Let n be -1 - (3 + (-3)/3)*-2. Suppose -20 - z = -n*v. Calculate the greatest common factor of v and 1.
1
Suppose 0 = -5*r + 1045 - 100. Calculate the greatest common divisor of 21 and r.
21
Suppose 0*c + 240 = 2*c. Suppose -4*s + c = -0*s. Let y be (-49)/(-4) + 1/(-4). Calculate the greatest common divisor of y and s.
6
Suppose 4*k + 18 = 3*f - 0*k, -5*f + 30 = -5*k. Suppose 3*s - f = -0. Let j = 0 + s. What is the highest common factor of j and 2?
2
Let q(v) be the second derivative of 7*v**3/3 + 9*v**2/2 - 4*v. Let m be q(9). What is the greatest common factor of 15 and m?
15
Let p(l) = -l**2 - 9*l - 4. Let z be p(-11). Let k = z + 40. Calculate the greatest common factor of 70 and k.
14
Let l(m) = m**3 + 4*m**2 + m + 4. Let w be l(-3). Let i = 12 - w. Calculate the greatest common factor of i and 8.
2
Suppose -11 = -r - 4. What is the greatest common divisor of 77 and r?
7
Let m = 3 - 0. Suppose -2*i - i = -m. What is the greatest common divisor of i and 7?
1
Let j = -15 + 48. Calculate the highest common divisor of j and 22.
11
Let b be -1*(2 + -30 + -2). Suppose b = -g + 4*g. Let p(c) = -c**3 - 5*c**2 - 4*c + 2. Let u be p(-4). What is the greatest common factor of u and g?
2
Suppose 4*v - 15 = -4*z + 5*z, 0 = 4*v - 20. Let j = 2 + -1. What is the greatest common factor of j and z?
1
Suppose -w - 4*w + b + 81 = 0, -73 = -5*w + 3*b. Let h = w + -8. Calculate the highest common divisor of h and 99.
9
Let x(r) = r**2 + 9*r - 5. Let d be x(-10). What is the greatest common divisor of d and 1?
1
Let g(l) = 2*l**2 + 4*l + 4. Let o be g(-3). Suppose -2*j + 98 = o. Suppose 2*p + 2*p - 44 = 0. Calculate the highest common factor of p and j.
11
Let k = 28 + 28. What is the greatest common divisor of 8 and k?
8
Let r(s) = 2*s - 7. Let d be r(-9). Let n = d + 80. Suppose 5*l + 4*k - 284 = 0, n = 2*l + 5*k - 45. What is the highest common factor of l and 12?
12
Suppose -33 = -8*y + 135. Let t = 4 - 2. Suppose -2*a + 2*g = t*a - 94, 3*a = -4*g + 43. Calculate the highest common divisor of y and a.
21
Let k be 1*(-2)/(-2) - -2. Suppose 4*l + k = 4*p + 51, 5*l - 2*p - 51 = 0. Suppose -z - 4 + 7 = 0. What is the highest common divisor of z and l?
3
Let a(s) be the third derivative of 5*s**5/12 + s**3/6 - 7*s**2. Let v be a(1). What is the greatest common factor of 13 and v?
13
Let r(q) = 3*q**3 + 7*q**2 + 7*q - 2. Let p(w) = w**3. Let t(f) = 2*p(f) - r(f). Let k be t(-6). Calculate the highest common factor of k and 72.
8
Suppose -2*p = -50 - 6. Let d(x) = -x**2 + 6*x - 5. Let g be d(3). Calculate the highest common factor of p and g.
4
Let s(o) = 8*o**2 - 7*o + 12. Let q be s(4). Calculate the highest common factor of 8 and q.
8
Let h = 11 + -6. Suppose h + 5 = -o + 5*a, 4*o - 52 = -3*a. Calculate the greatest common factor of o and 5.
5
Let j = -84 - -356. Calculate the highest common divisor of 17 and j.
17
Suppose -4*v + 375 = 39. Let u = 4 + 10. Calculate the highest common factor of u and v.
14
Suppose 0*u + u + 41 = m, m - 46 = 2*u. Let c be (m/(-15))/((-3)/15). What is the greatest common factor of c and 132?
12
Let a(i) = -i**3 - 14. Let p be a(0). Suppose 16 = -0*h - 2*h. Let t = h - p. What is the highest common divisor of 12 and t?
6
Let h(l) = -l**3 - 8*l**2 - 8*l. Let g be h(-7). Suppose -3 = q - g. Suppose -f - q = -13. Calculate the greatest common factor of f and 72.
9
Let x = -20 + 32. What is the greatest common factor of 24 and x?
12
Let z be (-454)/(-6) + 7/21. Let m(g) = 5*g**2 - g + 1. Let c be m(2). Calculate the greatest common factor of z and c.
19
Suppose 2*g = 5*m - 218, -g = -5*m - 3*g + 222. Suppose 0 = -r + 5*r - m. Calculate the greatest common factor of 33 and r.
11
Let t = -20 - -32. Suppose 2*k = 3*g - k - 15, -4*k + 20 = 4*g. Suppose g*m = 4*x - 106, 5*x + 4 = m + 126. Calculate the highest common divisor of t and x.
12
Suppose -2*o = -2*q - 10, 3*o = -o - 3*q + 6. Let t = o - 3. Suppose w + 5*f - 25 = 0, f + t*f - 145 = -3*w. Calculate the greatest common factor of 20 and w.
10
Let a(x) = x**3 + 9*x**2 - 12*x + 4. Let g be a(-10). What is the highest common factor of g and 6?
6
Let l(a) = -a**2 + 5*a. Let v be l(4). Suppose -2*u = -3*u - v. Let t be (-61)/(-7) - u/14. Calculate the highest common factor of 27 and t.
9
Let o be (75/(-4))/(15/(-160)). Suppose 2*x = -3*x + o. Let r(s) = s**3 - 4*s**2 - 5*s + 4. Let v be r(5). Calculate the greatest common factor of v and x.
4
Let n be 12/(-54) - 938/(-9). Calculate the highest common factor of n and 13.
13
Let v = -64 - -134. Let g(m) = 2*m**3 - 3*m**2 + 1. Let t be g(3). What is the highest common factor of t and v?
14
Let q(h) = -18*h - 2. Let v be q(-5). What is the highest common divisor of 8 and v?
8
Suppose -x - 58 = -2*m, 5*m - 118 = -2*x + 36. Let i be (-8 - -47) + 6*1. Calculate the greatest common factor of m and i.
15
Suppose -2*d = -7 - 17. Let f = 42 + 6. Calculate the highest common factor of d and f.
12
Let c(f) = -f**3 + 6*f**2 + 9*f + 6. Let j be c(6). What is the greatest common divisor of j and 12?
12
Let u = 10 - 6. Suppose 5*o - 345 = -5*q, -294 = -u*o + 2*q - 0*q. Calculate the highest common factor of o and 9.
9
Let p(z) = -z + 45. Let g be p(9). What is the highest common divisor of g and 162?
18
Let c = 12 + 8. Calculate the highest common factor of 50 and c.
10
Let w = -67 + 71. Calculate the greatest common divisor of w and 2.
2
Let f(m) = m**2 - 7*m - 13. Let w be f(9). Suppose 3*c + 87 = 6*c + 4*q, w*c + q = 128. Let t be 1/2*(-1 - -11). What is the greatest common divisor of c and t?
5
Let o = 71 + 9. Let l be 2/(-3) + (-248)/(-12). Calculate the greatest common divisor of l and o.
20
Suppose v = 5*z + 40, 4*v = -2*z - 3*z + 110. Let a = v - 10. Calculate the greatest common divisor of a and 50.
10
Let n(h) = -2*h**2 + 28*h + 10. Let g be n(14). What is the highest common divisor of 30 and g?
10
Suppose -3*t = -7*t + 72. Suppose -3*j + 57 = t. Calculate the highest common factor of j and 117.
13
Let o = 5 + -6. Let v be -1 - (-8 + o/(-1)). Calculate the highest common divisor of 42 and v.
6
Let s = -3 - 4. Suppose -4*h + 8 + 0 = 0. Let q be 220/14 - h/s. Calculate the greatest common divisor of q and 24.
8
Suppose -5 = 5*r - 20. Suppose 2*b = r*b - 30. Suppose 150 = -2*u + 4*u. Calculate the greatest common divisor of u and b.
15
Suppose 2*z - 11 = -1, -z - 6 = -a. Let i be (-8)/44 + 167/a. Calculate the highest common factor of 3 and i.
3
Suppose 6*